 8) in base 3?
20021221122
What is -41e67 (base 16) in base 14?
-70527
424435 (base 9) to base 14
680a2
Convert -5eb36 (base 16) to base 14.
-a150a
Convert 224047 (base 9) to base 11.
918a1
What is 1200121200011 (base 3) in base 10?
897889
152dc (base 16) to base 6
1505340
Convert 3c472 (base 14) to base 8.
443104
Convert 33978 (base 13) to base 6.
2002410
What is 22111110101221 (base 3) in base 4?
101032221202
What is 769a31 (base 12) in base 4?
13023302011
What is ef56c (base 16) in base 8?
3572554
Convert 320144052 (base 6) to base 5.
2414100301
Convert -10100010111001100 (base 2) to base 13.
-2bc69
-3361481 (base 9) to base 5
-430440322
-6a9009 (base 14) to base 3
-20211201101121
What is -10103131130 (base 4) in base 14?
-21527a
Convert 12d8b3 (base 16) to base 7.
13332641
Convert 10884111 (base 9) to base 16.
510988
Convert 21c8c2 (base 14) to base 8.
4303472
-1583107 (base 9) to base 13
-24b28a
10370012 (base 9) to base 4
103012023212
Convert 212131023 (base 4) to base 15.
31a10
What is -56170aa (base 12) in base 15?
-16a0c34
Convert 115304055 (base 6) to base 3.
11011122020022
Convert 669076 (base 10) to base 11.
417761
What is 21a085 (base 11) in base 9?
583271
2410343 (base 8) to base 6
22050031
3233244 (base 5) to base 16
d899
What is -32a8a (base 13) in base 2?
-10110011011101001
a04685 (base 15) to base 14
1020c05
Convert -22863312 (base 9) to base 2.
-101010100000011101101011
Convert -11100020 (base 4) to base 12.
-10548
Convert -435235021 (base 6) to base 5.
-3444441320
185506 (base 9) to base 4
130032021
What is -491163 (base 16) in base 5?
-2211213304
Convert -3b247e (base 15) to base 13.
-786c17
What is -3403346 (base 8) in base 3?
-1201201000001
What is 101022111202112 (base 3) in base 14?
a29ac9
-1724203 (base 14) to base 10
-11382507
-546632 (base 8) to base 2
-101100110110011010
Convert 20497a3 (base 11) to base 3.
20210122100000
Convert -23042201 (base 6) to base 5.
-140034104
Convert -111301101 (base 4) to base 5.
-10323134
2221214344 (base 5) to base 11
2824599
What is 354023 (base 7) in base 8?
174507
-1261740 (base 9) to base 4
-2220200331
-202010201002 (base 3) to base 14
-a4638
What is 1022112012121011 (base 3) in base 6?
1512355434
Convert a280a (base 11) to base 7.
1163315
2012101432 (base 5) to base 6
222050240
-178a2 (base 12) to base 8
-102472
-253235 (base 12) to base 13
-1832b4
Convert -51c2d0 (base 14) to base 5.
-1201323123
1a604 (base 16) to base 6
2152100
What is 23133232332 (base 4) in base 5?
1232413231
-133322231132 (base 4) to base 12
-2975b92
Convert -953658 (base 12) to base 15.
-31613e
What is 40431 (base 10) in base 12?
1b493
Convert 1120032432 (base 6) to base 9.
25160132
Convert fe67 (base 16) to base 6.
1221303
Convert -111323230322 (base 4) to base 3.
-101211002220202
-62a04 (base 12) to base 5
-13114231
What is -1110001110101 (base 2) in base 14?
-2925
Convert -2012010111200 (base 3) to base 14.
-224205
-12330122441 (base 5) to base 3
-1001101021210212
Convert -30323103 (base 4) to base 16.
-ced3
-2253405 (base 6) to base 3
-12220022112
27306 (base 12) to base 3
2202002020
-167440 (base 9) to base 16
-195c6
What is 110001010100101011000101 (base 2) in base 11?
7331333
What is -410498 (base 10) in base 2?
-1100100001110000010
What is -20c9cbc (base 13) in base 16?
-98de02
59767 (base 12) to base 3
20010001021
Convert 1238484 (base 10) to base 9.
2286783
Convert -11331123 (base 5) to base 10.
-105163
What is -2062473 (base 12) in base 13?
-1357986
What is 586407 (base 10) in base 11?
370638
5b6176 (base 13) to base 11
1261a31
Convert 1a4c8a (base 15) to base 5.
312010310
94a43 (base 12) to base 9
326466
Convert -2308154 (base 9) to base 16.
-130327
What is 302300342 (base 5) in base 14?
237ca1
Convert -11111111100000100000 (base 2) to base 12.
-425794
Convert -30095 (base 13) to base 9.
-140628
What is -1001210212 (base 3) in base 5?
-1133002
What is 1080273 (base 10) in base 15?
165133
11111100100000100 (base 2) to base 16
1f904
Convert -959898 (base 12) to base 4.
-21000022310
Convert 52331 (base 8) to base 14.
7cb7
What is -35542 (base 11) in base 16?
-c81d
Convert 2076247 (base 11) to base 13.
9ac184
What is -53712 (base 8) in base 16?
-57ca
What is -c848b (base 16) in base 11?
-510395
14203011 (base 5) to base 11
a06aa
Convert -3103110 (base 6) to base 14.
-3c146
-13130312 (base 4) to base 9
-45768
What is 10011111000001101 (base 2) in base 14?
2195b
What is -3233020102 (base 4) in base 7?
-11216416
What is 310405 (base 9) in base 10?
184037
-1467231 (base 9) to base 4
-3012110020
What is -21022010022 (base 3) in base 9?
-238108
What is 10223321231 (base 4) in base 10?
1228397
-1110011111101111011 (base 2) to base 13
-138289
732709 (base 13) to base 15
3821ea
1111140140 (base 5) to base 6
124210550
What is -1b5501 (base 13) in base 10?
-697295
Convert -41304124 (base 5) to base 12.
-14375b
Convert cbd98 (base 16) to base 15.
1175e8
Convert -370b88 (base 12) to base 16.
-da198
6a897c (base 15) to base 14
9677aa
Convert 422580 (base 9) to base 12.
101499
What is -3010241022 (base 5) in base 12?
-1ba9243
-20a49 (base 12) to base 14
-11933
What is 8003 (base 14) in base 16?
55c3
What is -1358ae (base 16) in base 10?
-1267886
What is -90a41 (base 11) in base 13?
-48718
Convert -2195878 (base 10) to base 4.
-20120012212
What is 151076 (base 11) in base 2?
111001100010010110
What is 575376 (base 8) in base 7?
1442315
12134312 (base 5) to base 15
240dc
111111000001100 (base 2) to base 12
16810
What is 110101020000 (base 3) in base 4?
323133000
-1a70 (base 16) to base 2
-1101001110000
Convert 31224002 (base 5) to base 4.
332333102
-20210011202 (base 3) to base 13
-48a1c
-21221010001201 (base 3) to base 16
-404e7b
11010110000000101100000 (base 2) to base 10
7012704
-1d84e (base 16) to base 10
-120910
What is -4207a11 (base 11) in base 2?
-11100010011010000000101
112170 (base 10) to base 9
180773
-141124401 (base 5) to base 4
-2300230032
Convert -914c2 (base 13) to base 6.
-5324024
348962 (base 10) to base 11
2191a9
-11145501 (base 6) to base 14
-8c2bb
-113312031 (base 4) to base 16
-17d8d
Convert -1178a9 (base 11) to base 10.
-186096
What is -5607414 (base 8) in base 12?
-60a638
-44114561 (base 7) to base 6
-213050032
-476ab6 (base 16) to base 13
-c7b46a
11a5804 (base 12) to base 4
31022301010
What is 1039bcb (base 15) in base 3?
210210002122202
Convert 4b56a4 (base 15) to base 5.
1411102004
Convert 100101000000100010110110 (base 2) to base 11.
5526a19
What is -34321513 (base 8) in base 16?
-71a34b
-110424123 (base 5) to base 8
-1657336
-187258 (base 9) to base 4
-130201313
Convert 202447 (base 9) to base 7.
1006426
Convert 11010000100110101 (base 2) to base 3.
12102111202
-167514 (base 13) to base 5
-120341100
-166129 (base 15) to base 7
-12132204
What is -11132333 (base 5) in base 3?
-12000221010
What is 137ba0 (base 14) in base 12?
286468
What is 132100102 (base 5) in base 14?
132442
-23353225 (base 6) to base 9
-1332808
d32b41 (base 14) to base 16
6c8fa5
What is -83851 (base 10) in base 6?
-1444111
What is -26cfc (base 16) in base 6?
-3223552
Convert 3181cc (base 13) to base 11.
722877
What is -11012100120 (base 3) in base 9?
-135316
What is -3862765 (base 11) in base 9?
-13533132
-4285988 (base 10) to base 2
-10000010110011000100100
Convert -34101223 (base 5) to base 6.
-10233432
What is 11221245 (base 7) in base 10?
980082
Convert 2230623 (base 7) to base 2.
1000011011111001010
Convert -211010212001121 (base 3) to base 4.
-230320330021
639102 (base 16) to base 9
13244776
What is -1042122013 (base 5) in base 16?
-231e44
360d (base 16) to base 6
144021
Convert 3424221 (base 5) to base 6.
1151134
What is -2317543 (base 11) in base 6?
-222454033
-30914 (base 11) to base 9
-67680
What is -3567637 (base 11) in base 12?
-20ba377
What is -322430414 (base 6) in base 3?
-101202222012201
What is 135212230 (base 6) in base 5?
1202120244
What is 11102201021 (base 3) in base 13?
30952
What is 156330 (base 10) in base 13?
56205
What is -2202010220010 (base 3) in base 4?
-11210102310
101111100211 (base 3) to base 9
344324
63a235 (base 12) to base 13
430b74
3d2ba0 (base 16) to base 10
4008864
What is -210032232 (base 4) in base 12?
-71a66
61022152 (base 7) to base 16
4d4721
Convert -16d52f (base 16) to ba